, -5*y - x = x + 4. Let v(p) = p**3 - 10. What is v(y)?
-10
Suppose 3*r - 10 = -4. Suppose 9 = -4*p - 7. Let o(n) = 2*n**2 + 2*n + 2. Let h(f) = 2*f**2 + f + 2. Let i(j) = p*h(j) + 3*o(j). Calculate i(r).
-6
Let f(y) = y**2 + 7*y + 8. Suppose 4*k = 17 - 41. Give f(k).
2
Let u(q) = -2*q - 1. Let p be u(-3). Let h(r) = -r**3 + 4*r**2 + 6*r - 4. Give h(p).
1
Suppose 29 = 3*v - 2*p, -p = -1 - 1. Suppose 4*z - 3*z = 4*o - 16, -2*z - v = -o. Suppose -o = -5*k + 2*k. Let g(d) = 2*d**2 + 2*d - 1. Determine g(k).
3
Let c(o) = -o + 0*o**2 + 5*o**3 - 6*o**3 - o**2. Give c(-1).
1
Let q(o) = 7*o - 9*o + o + 7. Give q(5).
2
Let n(t) = -2*t**2 - 2*t. Let u = 10 + -17. Suppose -q + 17 = -0*m - 4*m, 3*q - 4*m = 27. Let s = q + u. Calculate n(s).
-4
Let z(w) = -w**3 - 6*w**2 + w + 4. Let j be z(-6). Let v(a) = -4*a - 1. Determine v(j).
7
Suppose -a = -3 + 10. Let d = a + 6. Let g = d + -5. Let r(v) = v**3 + 6*v**2 - 2*v - 4. What is r(g)?
8
Let q(c) be the third derivative of -c**7/720 + c**5/30 - c**2. Let w(n) be the third derivative of q(n). Determine w(-1).
7
Let v(h) = -4*h + 2. Let k(b) = -3*b + 7. Suppose 5*o - 32 = -4*n, -4*n - 3*o + 16 = -2*o. Let u be k(n). Determine v(u).
10
Let t(k) = 2*k - 9. Let m be t(6). Let p(b) = b**2 + m*b**2 + 6*b**3 - 5*b**2. Suppose -3 = 5*z + 2*n - 4, 0 = 2*z + n. What is p(z)?
5
Let a(t) = t**3 - t + 5. Let p(m) be the second derivative of -m**5/20 + m**3/6 - 2*m**2 - 3*m. Let h(b) = 5*a(b) + 6*p(b). What is h(0)?
1
Let k(g) = 7*g + 2. Let d(o) = o + 16. Let z be d(-14). Give k(z).
16
Let u(b) = -35 + 69 - 33 - b. Calculate u(6).
-5
Suppose -30 = 2*x + 4*x. Let h(q) = q + 8. Calculate h(x).
3
Let b(p) = -p**3 - 8*p**2 - 9*p - 8. Let f be b(-7). Let i(v) = v - 3*v**2 + 1 + f*v**3 + 0*v**2 - 5*v**3. Give i(2).
-1
Let a(l) = 12*l - 11*l + 1 - 4. Calculate a(4).
1
Let f be 0*(2/2)/(-2). Let x(b) = -5 - 3*b - 4*b**2 - 2*b + 3*b**2 + f*b**2. Give x(-4).
-1
Suppose -3*o = -x - 4, 4 = x + 3*x - 2*o. Let i(r) be the second derivative of -x*r - 1/3*r**3 + 3*r**2 + 0. Calculate i(4).
-2
Let i(j) be the second derivative of -j**5/20 - 5*j**4/12 + j**3/3 - 5*j**2/2 + 8*j. Calculate i(-6).
19
Let a = 31 + -27. Let f(m) = -m**2 + 2*m - 2. Calculate f(a).
-10
Let d(r) = r**3 - 3*r**2 - r - 8. Let j be d(4). Let q(w) = -w**2 + 5*w - 6. Give q(j).
-2
Let p(o) = -o**3 + 3*o**2 + 2*o - 3. Let v(d) = -d**3 + d**2 + d - 2. Let h be v(-2). Suppose -h = -2*w - 2. Calculate p(w).
3
Suppose 8*a - 24 = -0. Let y(x) = -x**2 + 3*x + 1. Determine y(a).
1
Let a(q) = -3*q**2 - 9*q + 6. Let h(d) = -4*d**2 - 10*d + 7. Let k(z) = 5*a(z) - 4*h(z). Determine k(3).
-4
Let i(c) = c + 1. Suppose -4 = -z - 0. Let w(l) = 5 - z - 2 + 3. Let s(v) = -8*i(v) + 4*w(v). What is s(-1)?
8
Let v(t) = t**3 - 4*t**2 + t + 4. Suppose -9*r + 5*r + 12 = 5*y, -5*y = -4*r - 28. What is v(y)?
8
Let s(w) be the third derivative of w**4/24 - 2*w**3/3 + 3*w**2. Give s(4).
0
Suppose -3*v - 3*p + 12 = -9, p = 4*v - 53. Suppose a = -2*a - v. Let d(f) = 2*f**2 - f**2 - 4 + f + 2*f. Determine d(a).
0
Let j = 6 - 2. Let o(c) = 2 - 3 + 0 - j*c - 2. Calculate o(-2).
5
Let n(p) = p**2 - p - 2. Let i = -20 - -22. Determine n(i).
0
Let p(r) = -18 + 34 - 17 - r + 6*r. Suppose a - 5*a = 5*v + 4, 16 = 2*a - 2*v. Suppose 3*u + 0*u - a*h = -2, -h = -5*u + 8. Determine p(u).
9
Let r(h) = 2*h + 2. Suppose -5*g = t - 0*t + 25, -g + 1 = -t. Determine r(t).
-8
Let f be 0 + -1 + 3 + -3. Let a be f*(-12)/(-3) - 0. Let z(y) be the second derivative of -y**4/12 - y**3 - 5*y**2/2 + 3*y. What is z(a)?
3
Let l be 30/(-4)*(-16)/(-20). Let u = 8 + l. Let q(i) = -1 + 3*i + 0*i + 3*i + u*i**2 - 5*i. What is q(-2)?
5
Let k(s) = 14*s**2 + 0*s - s - 2 + 1. What is k(-1)?
14
Suppose -2*k - 2*f + 2 = -6*k, 2*f = 10. Let b(a) = 3*a + 3. Let p(x) = -x + 1. Let v(w) = k*p(w) + b(w). Suppose s + 5 + 1 = 0. What is v(s)?
-1
Let p = 5 + -11. Let y(h) = -3*h**2 - 5*h - 8. Let b(z) = -z**2 + z - 1. Let c(o) = -2*b(o) + y(o). Give c(p).
0
Let l(p) = p**3 - p**2 - p + 19. Suppose -52*g + 56*g = 0. Determine l(g).
19
Let r(v) be the first derivative of v**3/3 - v**2/2 - 4*v + 4. Suppose -5*b = 4*f - 0*b + 18, -4*f + 4*b = 0. Let w be 21/6 + (-1)/f. Give r(w).
8
Let c = -169 - -162. Let w(v) be the third derivative of v**5/60 + v**4/3 + v**3/6 + v**2. Calculate w(c).
-6
Let a(j) = j - 5. Let q = 27 + -21. Calculate a(q).
1
Let s(n) be the first derivative of -n**4/4 + 2*n**3/3 + n**2/2 + 1. What is s(3)?
-6
Let y(c) be the second derivative of -c**4/6 - 5*c**3/6 - 3*c**2/2 - c. Let s = 8 + -3. Suppose -2*k - 17 = s*x, -6 = 2*x - x + 3*k. What is y(x)?
-6
Let j = 23 + -16. Suppose o = -o + 18. Let u = j - o. Let h(b) = -b**2 - 2*b. Calculate h(u).
0
Let i = -4 - -7. Suppose s = 2*m - 3*s + 6, -i*s - 18 = 3*m. Let f(d) be the second derivative of d**5/20 + d**4/3 - 5*d**3/6 - 5*d**2/2 - 12*d. Determine f(m).
-5
Let o = -18 + 18. Let h(p) = -p**3 - p**2 + 1. Give h(o).
1
Let z(l) = -3*l + l + 3*l - 3 + l**2. Let c = 2 - -1. Determine z(c).
9
Let l(d) = 2*d + 1. Suppose 6 + 3 = o. Let c = o - 6. What is l(c)?
7
Let y(t) = t - 6. Let w be y(9). Suppose a + 3 = 0, 9 = w*b - 0*a - 3*a. Let x(k) = -k**2 - k + 11. Give x(b).
11
Let a(d) be the first derivative of d**2/2 - d - 15. What is a(-5)?
-6
Suppose 0 = 12*j - 11*j - 2. Let w(m) = 2*m + 3 + j*m**2 - 8*m - 3*m**2 - 9. Let x be 4/8*(1 - 11). Give w(x).
-1
Let g(u) = -7*u**3 + 21*u**2 - 7*u - 11. Let h(q) = 3*q**3 - 10*q**2 + 4*q + 6. Let s(d) = 2*g(d) + 5*h(d). Calculate s(7).
1
Let v(k) = k + 2. Let p be 0 - ((-1)/(-2))/(2/(-24)). Determine v(p).
8
Suppose 4*w + 2 - 6 = 0. Let a(s) = 1 - 3*s + 4*s**2 - s**2 + 2*s. Determine a(w).
3
Let j(i) = -2*i + 1 + 2 - i - 2*i**2. Suppose a + 0 + 3 = 0. What is j(a)?
-6
Let t = 11 - 8. Suppose -6*w + 2*w = -2*u + 26, -t*w - 3*u = 15. Let s(v) = v**3 + 6*v**2 + 2*v + 7. What is s(w)?
-5
Let r(g) = g**3 + 8*g**2 - 11*g - 13. Let m be r(-9). Let t = 8 - m. Let i(f) = -6*f + 4. Let v(n) = 5*n - 3. Let s(o) = 3*i(o) + 4*v(o). Determine s(t).
6
Let b = 27 + -27. Let x(s) = s - 2. What is x(b)?
-2
Let q(m) = -m**3 + 10*m**2 - 7*m - 3. Let a(o) = o**3 - 11*o**2 + 8*o + 4. Let p(k) = -6*a(k) - 7*q(k). Let c be 8/12*(1 + 5). Calculate p(c).
1
Let m(k) = -2*k. Let v = -16 - -24. Suppose 3*l + v = -1. Determine m(l).
6
Suppose 0 = -0*i + 2*i - 3*l - 4, -3*l = i - 11. Suppose 3*d - 6 = i*d. Let s(z) = -z + 3. Calculate s(d).
6
Let k(p) be the third derivative of p**4/24 + p**3/6 + p**2. Let f be k(1). Let x(w) = -2*w + 2. Give x(f).
-2
Let x be 2/(-13) + (-15)/(-13). Suppose 0 = 2*h - x - 3. Let t(j) be the second derivative of j**4/6 + j**3/3 - 3*j**2/2 + j. Determine t(h).
9
Let f(o) = -o**3 - 4*o**2 - 3*o - 2. Let c(x) = -7 - 3*x**2 + 4*x**2 + 0*x**2 + 5*x. Let h be c(-6). Let g(n) = 3*n. Let l be g(h). What is f(l)?
-2
Let z(a) = -a - 8. Let h be z(-13). Suppose 0 = 3*t + 1 - 13. Suppose 3*o - o - 5 = 3*y, y = -h*o + t. Let m(d) = -4*d + 1. Give m(o).
-3
Let u(m) = -5 + 5 - 3*m**3. Let v be u(-1). Suppose v*p + 2 + 4 = 0. Let q(h) = -3*h**2 - h + 1. Determine q(p).
-9
Let x(j) = -191*j + 0 + 190*j - 1. What is x(-5)?
4
Let w(q) = -q + 3. Suppose m + 12 = 2*m + 4*l, -12 = -4*l. Let f be w(m). Suppose -f*g - k + 1 = -0*g, -k = -2*g - 1. Let s(c) = c + 6. What is s(g)?
6
Let j(c) = 0 - 2*c - 34*c**2 + 28*c**2 - 3 + 2. Let a = 4 + -3. Let q = 0 - a. Calculate j(q).
-5
Let l(y) = -y**3 + 3*y**2 + 6*y - 1. Let t(v) = -v**3 + 8*v**2 + 4*v - 7. Let c be t(8). Suppose -4*u = 9 - c. Give l(u).
7
Let s = 19 + -29. Let x = -14 - s. Let o(j) be the third derivative of -j**5/60 - j**4/8 - j**3/6 - j**2. Determine o(x).
-5
Let h(x) = x - 4. Suppose 1 = c, c - 3*c = -k. Suppose k*b = b + 12. Suppose -4*s = 32 - b. What is h(s)?
-9
Let c(g) = 16*g - 71. Let n(w) = 3*w - 14. Let m(t) = 2*c(t) - 11*n(t). What is m(7)?
5
Let c(h) be the second derivative of h**4/12 - 2*h**3/3 - h**2/2 - h. Suppose 15 = 3*t + 4*d, -5*t + 0*d - d = -25. Determine c(t).
4
Let s be (-2)/((2 + -3)/(-1)). Suppose -5*a = -3*a - 6. Let k(x) = 3*x**2 + 0*x + x**3 + x**a - x**2 - x. Give k(s).
-6
Let j(f) be the first derivative of 3*f**2 - f + 4. Let s(v) = 7*v - 2. Let z(p) = -5*j(p) + 4*s(p). Determine z(3).
-9
Let p = 1 - 1. Let y(w) = -w**2 + 22. Calculate y(p).
22
Let n(r) be the second de